base 16, what is 3e + -5f4?
-5b6
In base 13, what is 141 - 5a02?
-5891
In base 6, what is 41150 + 1420?
43010
In base 16, what is 17c16 + 17?
17c2d
In base 15, what is 6ba41 + -2?
6ba3e
In base 16, what is -12eb + d5?
-1216
In base 9, what is 18 + -3200?
-3171
In base 13, what is 4114 + -13b?
3ca6
In base 14, what is 442 - -8?
44a
In base 7, what is -32 - -3014?
2652
In base 15, what is -d + 15b2?
15a4
In base 13, what is -3820 + 38?
-37b5
In base 16, what is -c7 + 4f5?
42e
In base 12, what is -10 - 97415?
-97425
In base 2, what is -11010100001111 + 1001?
-11010100000110
In base 9, what is -14240 + 261?
-13868
In base 13, what is 0 - -30a57?
30a57
In base 2, what is 10100011 + 1001010001001?
1001100101100
In base 4, what is -1000 - 10133?
-11133
In base 10, what is 24 - -31303?
31327
In base 15, what is -c52d - -14?
-c519
In base 13, what is -3 + -19187?
-1918a
In base 2, what is 101111 + -100011000010000?
-100010111100001
In base 7, what is -115 - 30244?
-30362
In base 16, what is 91c9 + d?
91d6
In base 2, what is 1001000000111111100 - 0?
1001000000111111100
In base 5, what is -22 - -10024?
10002
In base 13, what is -1 + 196c1?
196c0
In base 2, what is -1 - 1010011100111111?
-1010011101000000
In base 9, what is -11300 + -6?
-11306
In base 2, what is -1011111101101111 + -10?
-1011111101110001
In base 10, what is 2 - 72798?
-72796
In base 9, what is -184 - -10042?
8747
In base 2, what is -101 + -100111101011010111?
-100111101011011100
In base 9, what is 6584 + 1001?
7585
In base 12, what is 44 - -1449?
1491
In base 12, what is -215 + -11b3?
-1408
In base 15, what is 17 - -1551b?
15533
In base 16, what is 2a - 15ee?
-15c4
In base 2, what is 0 - 11010010100111?
-11010010100111
In base 2, what is -10000111011 - 1110?
-10001001001
In base 8, what is -5 - -62436?
62431
In base 2, what is 101110010100 + -100?
101110010000
In base 11, what is 14 - -3989?
39a2
In base 4, what is 3 + -1332121210?
-1332121201
In base 9, what is -76546 + 3?
-76543
In base 11, what is -2707 - -473?
-2244
In base 9, what is -38524 - 3?
-38527
In base 9, what is -1344 - 181?
-1535
In base 14, what is -10932 - -7?
-10929
In base 9, what is -158841 + 0?
-158841
In base 4, what is 11203 + 100?
11303
In base 13, what is 48 + 7ca9?
8024
In base 11, what is -16 - 1359?
-1374
In base 12, what is 145748 - 2?
145746
In base 12, what is -1507 - -4?
-1503
In base 4, what is 12123 + -220202?
-202013
In base 5, what is 4 + -104311?
-104302
In base 8, what is 4 + 124270?
124274
In base 6, what is -1051520 + 43?
-1051433
In base 13, what is -1 - c19?
-c1a
In base 6, what is 34353513 + 5?
34353522
In base 13, what is 25 + -4106?
-40b1
In base 2, what is -1000 + -101100100010110111?
-101100100010111111
In base 13, what is 89 + 295?
351
In base 5, what is -4 - -114010323?
114010314
In base 2, what is 10 - -110011000011000?
110011000011010
In base 14, what is b8 - 90?
28
In base 7, what is -4151461 - 4?
-4151465
In base 9, what is -256862 - 2?
-256864
In base 11, what is -25685 + 15?
-25670
In base 6, what is -3135 + 100?
-3035
In base 14, what is -246 - b0d?
-d55
In base 12, what is -1712 - -11?
-1701
In base 9, what is -130421 - 0?
-130421
In base 4, what is 0 - 323232130?
-323232130
In base 7, what is 113 + -1023?
-610
In base 8, what is 11 - -7331?
7342
In base 5, what is 4 + -421031?
-421022
In base 4, what is 21 + 2110020?
2110101
In base 4, what is 201302333 - 3?
201302330
In base 11, what is 108768 - -4?
108771
In base 7, what is 4220 - -3451?
11001
In base 11, what is 3148 + -7?
3141
In base 9, what is 220428 - 1?
220427
In base 16, what is -2ee9 - 36?
-2f1f
In base 13, what is -59c + 0?
-59c
In base 11, what is 67503 - 7?
674a7
In base 12, what is 0 + -23b21?
-23b21
In base 10, what is -288126 - 4?
-288130
In base 5, what is -1 - -3303224?
3303223
In base 8, what is -4 - 51542?
-51546
In base 10, what is 0 - 240861?
-240861
In base 2, what is 0 + -100010110111110010110?
-100010110111110010110
In base 12, what is -4156 + 2?
-4154
In base 6, what is -101405 + -1?
-101410
In base 13, what is -173425 - -2?
-173423
In base 10, what is -5 - -4665?
4660
In base 16, what is -14f2 + -12d?
-161f
In base 9, what is -11536 - 0?
-11536
In base 13, what is -60 + -6874?
-6904
In base 6, what is 553 - -153?
1150
In base 2, what is -1001011 + -110001100?
-111010111
In base 4, what is -331 - 120?
-1111
In base 14, what is 27b33 + -5?
27b2c
In base 5, what is 4320 - -1021?
10341
In base 3, what is 102211 - -10012?
120000
In base 8, what is -170300 + 1?
-170277
In base 16, what is 2f7 + 51?
348
In base 16, what is -282 + -2007?
-2289
In base 7, what is -10260 - -16?
-10241
In base 4, what is 11 + 11312311112?
11312311123
In base 15, what is 50 + -8c4?
-874
In base 16, what is 669 + 2ba?
923
In base 6, what is -3051425 - 1?
-3051430
In base 7, what is -140 - -1056?
616
In base 6, what is 5 + 13453?
13502
In base 6, what is 12 + 143045?
143101
In base 8, what is -104 + -1214?
-1320
In base 3, what is -1100 + 111102222?
111101122
In base 12, what is 0 - -b999?
b999
In base 2, what is 110001011100010110 - -1?
110001011100010111
In base 8, what is 3 + -25102?
-25077
In base 5, what is -1002000 - -3?
-1001442
In base 4, what is 10200 - 201332?
-131132
In base 2, what is 1011010011 + 100000011?
1111010110
In base 5, what is -2 - -202020?
202013
In base 13, what is 4 + 20b59?
20b60
In base 12, what is a6 - 874?
-78a
In base 16, what is -3 + 2333?
2330
In base 14, what is 274194 - 1?
274193
In base 11, what is a24 + -a0?
934
In base 12, what is -103796 - 0?
-103796
In base 14, what is 28 + -6bb?
-693
In base 3, what is 1020 - 2012220002?
-2012211212
In base 10, what is 238 + 10305?
10543
In base 10, what is 4 + -309122?
-309118
In base 11, what is 5a72 - a?
5a63
In base 9, what is -1735 - 383?
-2228
In base 6, what is -20445 + -54?
-20543
In base 8, what is -640 - -402?
-236
In base 12, what is 1a1 + 9a?
27b
In base 6, what is -2030555 - 0?
-2030555
In base 10, what is -2960 - 57?
-3017
In base 14, what is -3 + 1159?
1156
In base 10, what is -5 + 34755?
34750
In base 8, what is -60421 + -70?
-60511
In base 16, what is 26271 + 15?
26286
In base 6, what is 225 - -3433?
4102
In base 16, what is 2 + -f97e?
-f97c
In base 11, what is 37600 - -3?
37603
In base 13, what is 4a6b3 + 2?
4a6b5
In base 11, what is 45280 + 0?
45280
In base 12, what is 8663 + 7?
866a
In base 10, what is 2 - 148158?
-148156
In base 11, what is 0 + 60954a?
60954a
In base 8, what is -101 - -10047?
7746
In base 6, what is 120551 + -25?
120522
In base 2, what is 10001101 + 1101010010?
1111011111
In base 11, what is -1a + 40aa3?
40a84
In base 6, what is -14423301 + -5?
-14423310
In base 15, what is 15 - 51c0?
-51aa
In base 2, what is 100000111001010 + -1011010?
100000101110000
In base 15, what is -7be + -5ce?
-d9d
In base 4, what is 11 - -2033200123?
2033200200
In base 16, what is 2 + 8d45c?
8d45e
In base 14, what is -26 - 16?
-3c
In base 2, what is -10000000 + 111010000?
101010000
In base 14, what is -69181 - 3?
-69184
In base 6, what is 122 - -1431?
1553
In base 6, what is 1141101 - 23?
1141034
In base 6, what is 102233450 + -3?
102233443
In base 2, what is -100111001001 + 1001?
-100111000000
In base 9, what is -4 - 125484?
-125488
In base 13, what is -18 - 58042?
-5805a
In base 6, what is -12 - -40540?
40524
In base 9, what is 115284 - -3?
115287
In base 8, what is -214 + -277?
-513
In base 10, what is -105 + 1027?
922
In base 2, what is -1011000 - 110010000111010?
-110010010010010
In base 3, what is -20200022220221 - 1?
-20200022220222
In base 14, what is 8b - 155?
-a8
In base 10, what is 0 - 11048?
-11048
In base 3, what is 2010201002 - -102?
2010201111
In base 15, what is 7d0d - -1?
7d0e
In base 14, what is -1366 - -1b?
-1349
In base 6, what is 2 - 3025243?
-3025241
In base 13, what is 18 + -c8a?
-c72
In base 8, what is -67424 + -133?
-67557
In base 14, what is 364 - a?
358
In base 3, what is -20 + -100011021?
-100011111
In base 14, what is 1201 + -19?
11c6
In base 15, what is 1a7 - 8e?
118
In base 9, what is -5 + 241650?
241644
In base 14, what is -4d25d2 - -3?
-4d25cd
In base 12, what is 5 + 7378?
7381
In base 9, what is -7 - -16576?
16568
In base 10, what is 8140 - 14?
8126
In base 13, what is -101515 - 2?
-101517
In base 16, what is 3